{"id":303,"date":"2026-04-14T23:30:15","date_gmt":"2026-04-14T16:30:15","guid":{"rendered":"https:\/\/vin8882.com\/?page_id=303"},"modified":"2026-04-20T10:57:03","modified_gmt":"2026-04-20T03:57:03","slug":"khuyen-mai-vin88","status":"publish","type":"page","link":"https:\/\/vin8882.com\/khuyen-mai-vin88\/","title":{"rendered":"KHUY\u1ebeN M\u00c3I"},"content":{"rendered":"<h1><span class=\"ez-toc-section\" id=\"Khuyen_Mai_Vin88_Moi_Nhat_%E2%80%93_Co_Hoi_Nhan_Thuong_Hap_Dan_Moi_Ngay\"><\/span><span style=\"font-weight: 400;\">Khuy\u1ebfn M\u00e3i Vin88 M\u1edbi Nh\u1ea5t \u2013 C\u01a1 H\u1ed9i Nh\u1eadn Th\u01b0\u1edfng H\u1ea5p D\u1eabn M\u1ed7i Ng\u00e0y<\/span><span class=\"ez-toc-section-end\"><\/span><\/h1><div id=\"ez-toc-container\" class=\"ez-toc-v2_0_82_2 counter-hierarchy ez-toc-counter ez-toc-grey ez-toc-container-direction\">\n<div class=\"ez-toc-title-container\">\n<p class=\"ez-toc-title\" style=\"cursor:inherit\">Table of Contents<\/p>\n<span class=\"ez-toc-title-toggle\"><a href=\"#\" class=\"ez-toc-pull-right ez-toc-btn ez-toc-btn-xs ez-toc-btn-default ez-toc-toggle\" aria-label=\"Toggle Table of Content\"><span class=\"ez-toc-js-icon-con\"><span class=\"\"><span class=\"eztoc-hide\" style=\"display:none;\">Toggle<\/span><span class=\"ez-toc-icon-toggle-span\"><svg style=\"fill: #999;color:#999\" xmlns=\"http:\/\/www.w3.org\/2000\/svg\" class=\"list-377408\" width=\"20px\" height=\"20px\" viewBox=\"0 0 24 24\" fill=\"none\"><path d=\"M6 6H4v2h2V6zm14 0H8v2h12V6zM4 11h2v2H4v-2zm16 0H8v2h12v-2zM4 16h2v2H4v-2zm16 0H8v2h12v-2z\" fill=\"currentColor\"><\/path><\/svg><svg style=\"fill: #999;color:#999\" class=\"arrow-unsorted-368013\" xmlns=\"http:\/\/www.w3.org\/2000\/svg\" width=\"10px\" height=\"10px\" viewBox=\"0 0 24 24\" version=\"1.2\" baseProfile=\"tiny\"><path d=\"M18.2 9.3l-6.2-6.3-6.2 6.3c-.2.2-.3.4-.3.7s.1.5.3.7c.2.2.4.3.7.3h11c.3 0 .5-.1.7-.3.2-.2.3-.5.3-.7s-.1-.5-.3-.7zM5.8 14.7l6.2 6.3 6.2-6.3c.2-.2.3-.5.3-.7s-.1-.5-.3-.7c-.2-.2-.4-.3-.7-.3h-11c-.3 0-.5.1-.7.3-.2.2-.3.5-.3.7s.1.5.3.7z\"\/><\/svg><\/span><\/span><\/span><\/a><\/span><\/div>\n<nav><ul class='ez-toc-list ez-toc-list-level-1 ' ><li class='ez-toc-page-1 ez-toc-heading-level-1'><a class=\"ez-toc-link ez-toc-heading-1\" href=\"https:\/\/vin8882.com\/khuyen-mai-vin88\/#Khuyen_Mai_Vin88_Moi_Nhat_%E2%80%93_Co_Hoi_Nhan_Thuong_Hap_Dan_Moi_Ngay\" >Khuy\u1ebfn M\u00e3i Vin88 M\u1edbi Nh\u1ea5t \u2013 C\u01a1 H\u1ed9i Nh\u1eadn Th\u01b0\u1edfng H\u1ea5p D\u1eabn M\u1ed7i Ng\u00e0y<\/a><ul class='ez-toc-list-level-2' ><li class='ez-toc-heading-level-2'><a class=\"ez-toc-link ez-toc-heading-2\" href=\"https:\/\/vin8882.com\/khuyen-mai-vin88\/#Cac_Chuong_Trinh_Khuyen_Mai_Vin88_Danh_Cho_Nguoi_Moi\" >C\u00e1c Ch\u01b0\u01a1ng Tr\u00ecnh Khuy\u1ebfn M\u00e3i Vin88 D\u00e0nh Cho Ng\u01b0\u1eddi M\u1edbi<\/a><ul class='ez-toc-list-level-3' ><li class='ez-toc-heading-level-3'><a class=\"ez-toc-link ez-toc-heading-3\" href=\"https:\/\/vin8882.com\/khuyen-mai-vin88\/#Thuong_dang_ky_tai_khoan_moi\" >Th\u01b0\u1edfng \u0111\u0103ng k\u00fd t\u00e0i kho\u1ea3n m\u1edbi<\/a><\/li><li class='ez-toc-page-1 ez-toc-heading-level-3'><a class=\"ez-toc-link ez-toc-heading-4\" href=\"https:\/\/vin8882.com\/khuyen-mai-vin88\/#Khuyen_mai_nap_tien_lan_dau\" >Khuy\u1ebfn m\u00e3i n\u1ea1p ti\u1ec1n l\u1ea7n \u0111\u1ea7u<\/a><\/li><\/ul><\/li><li class='ez-toc-page-1 ez-toc-heading-level-2'><a class=\"ez-toc-link ez-toc-heading-5\" href=\"https:\/\/vin8882.com\/khuyen-mai-vin88\/#Uu_Dai_Danh_Cho_Hoi_Vien_Thuong_Xuyen\" >\u01afu \u0110\u00e3i D\u00e0nh Cho H\u1ed9i Vi\u00ean Th\u01b0\u1eddng Xuy\u00ean<\/a><ul class='ez-toc-list-level-3' ><li class='ez-toc-heading-level-3'><a class=\"ez-toc-link ez-toc-heading-6\" href=\"https:\/\/vin8882.com\/khuyen-mai-vin88\/#Hoan_tra_cuoc_hang_ngay\" >Ho\u00e0n tr\u1ea3 c\u01b0\u1ee3c h\u00e0ng ng\u00e0y<\/a><\/li><li class='ez-toc-page-1 ez-toc-heading-level-3'><a class=\"ez-toc-link ez-toc-heading-7\" href=\"https:\/\/vin8882.com\/khuyen-mai-vin88\/#Thuong_nap_lai_hang_ngay\" >Th\u01b0\u1edfng n\u1ea1p l\u1ea1i h\u00e0ng ng\u00e0y<\/a><\/li><\/ul><\/li><li class='ez-toc-page-1 ez-toc-heading-level-2'><a class=\"ez-toc-link ez-toc-heading-8\" href=\"https:\/\/vin8882.com\/khuyen-mai-vin88\/#Khuyen_Mai_Theo_Su_Kien_Tai_Vin88\" >Khuy\u1ebfn M\u00e3i Theo S\u1ef1 Ki\u1ec7n T\u1ea1i Vin88<\/a><ul class='ez-toc-list-level-3' ><li class='ez-toc-heading-level-3'><a class=\"ez-toc-link ez-toc-heading-9\" href=\"https:\/\/vin8882.com\/khuyen-mai-vin88\/#Su_kien_the_thao_lon\" >S\u1ef1 ki\u1ec7n th\u1ec3 thao l\u1edbn<\/a><\/li><li class='ez-toc-page-1 ez-toc-heading-level-3'><a class=\"ez-toc-link ez-toc-heading-10\" href=\"https:\/\/vin8882.com\/khuyen-mai-vin88\/#Uu_dai_le_Tet\" >\u01afu \u0111\u00e3i l\u1ec5, T\u1ebft<\/a><\/li><\/ul><\/li><li class='ez-toc-page-1 ez-toc-heading-level-2'><a class=\"ez-toc-link ez-toc-heading-11\" href=\"https:\/\/vin8882.com\/khuyen-mai-vin88\/#Loi_Ich_Khi_Tham_Gia_Khuyen_Mai_Vin88\" >L\u1ee3i \u00cdch Khi Tham Gia Khuy\u1ebfn M\u00e3i Vin88<\/a><ul class='ez-toc-list-level-3' ><li class='ez-toc-heading-level-3'><a class=\"ez-toc-link ez-toc-heading-12\" href=\"https:\/\/vin8882.com\/khuyen-mai-vin88\/#Gia_tang_von_choi\" >Gia t\u0103ng v\u1ed1n ch\u01a1i<\/a><\/li><li class='ez-toc-page-1 ez-toc-heading-level-3'><a class=\"ez-toc-link ez-toc-heading-13\" href=\"https:\/\/vin8882.com\/khuyen-mai-vin88\/#Giam_thieu_rui_ro\" >Gi\u1ea3m thi\u1ec3u r\u1ee7i ro<\/a><\/li><li class='ez-toc-page-1 ez-toc-heading-level-3'><a class=\"ez-toc-link ez-toc-heading-14\" href=\"https:\/\/vin8882.com\/khuyen-mai-vin88\/#Trai_nghiem_da_dang_tro_choi\" >Tr\u1ea3i nghi\u1ec7m \u0111a d\u1ea1ng tr\u00f2 ch\u01a1i<\/a><\/li><\/ul><\/li><li class='ez-toc-page-1 ez-toc-heading-level-2'><a class=\"ez-toc-link ez-toc-heading-15\" href=\"https:\/\/vin8882.com\/khuyen-mai-vin88\/#Mot_So_Luu_Y_Khi_Nhan_Khuyen_Mai\" >M\u1ed9t S\u1ed1 L\u01b0u \u00dd Khi Nh\u1eadn Khuy\u1ebfn M\u00e3i<\/a><ul class='ez-toc-list-level-3' ><li class='ez-toc-heading-level-3'><a class=\"ez-toc-link ez-toc-heading-16\" href=\"https:\/\/vin8882.com\/khuyen-mai-vin88\/#Doc_ky_dieu_khoan\" >\u0110\u1ecdc k\u1ef9 \u0111i\u1ec1u kho\u1ea3n<\/a><\/li><li class='ez-toc-page-1 ez-toc-heading-level-3'><a class=\"ez-toc-link ez-toc-heading-17\" href=\"https:\/\/vin8882.com\/khuyen-mai-vin88\/#Quan_ly_von_hop_ly\" >Qu\u1ea3n l\u00fd v\u1ed1n h\u1ee3p l\u00fd<\/a><\/li><li class='ez-toc-page-1 ez-toc-heading-level-3'><a class=\"ez-toc-link ez-toc-heading-18\" href=\"https:\/\/vin8882.com\/khuyen-mai-vin88\/#Lua_chon_tro_choi_phu_hop\" >L\u1ef1a ch\u1ecdn tr\u00f2 ch\u01a1i ph\u00f9 h\u1ee3p<\/a><\/li><\/ul><\/li><li class='ez-toc-page-1 ez-toc-heading-level-2'><a class=\"ez-toc-link ez-toc-heading-19\" href=\"https:\/\/vin8882.com\/khuyen-mai-vin88\/#Ket_Luan\" >K\u1ebft Lu\u1eadn<\/a><\/li><\/ul><\/li><\/ul><\/nav><\/div>\n\n<p><span style=\"font-weight: 400;\"><a href=\"https:\/\/vin8882.com\/khuyen-mai-vin88\/\">Khuy\u1ebfn m\u00e3i Vin88<\/a> Trong th\u1ecb tr\u01b0\u1eddng c\u00e1 c\u01b0\u1ee3c tr\u1ef1c tuy\u1ebfn ng\u00e0y c\u00e0ng ph\u00e1t tri\u1ec3n, c\u00e1c ch\u01b0\u01a1ng tr\u00ecnh \u01b0u \u0111\u00e3i lu\u00f4n l\u00e0 y\u1ebfu t\u1ed1 quan tr\u1ecdng thu h\u00fat ng\u01b0\u1eddi ch\u01a1i. Vin88 n\u1ed5i b\u1eadt l\u00e0 m\u1ed9t trong nh\u1eefng n\u1ec1n t\u1ea3ng mang \u0111\u1ebfn h\u1ec7 th\u1ed1ng khuy\u1ebfn m\u00e3i \u0111a d\u1ea1ng, gi\u00e1 tr\u1ecb cao v\u00e0 li\u00ean t\u1ee5c c\u1eadp nh\u1eadt. Kh\u00f4ng ch\u1ec9 d\u00e0nh cho ng\u01b0\u1eddi m\u1edbi, Vin88 c\u00f2n c\u00f3 nhi\u1ec1u ch\u01b0\u01a1ng tr\u00ecnh d\u00e0nh ri\u00eang cho h\u1ed9i vi\u00ean l\u00e2u n\u0103m.<\/span><\/p>\n<p><span style=\"font-weight: 400;\">V\u1eady khuy\u1ebfn m\u00e3i t\u1ea1i Vin88 c\u00f3 g\u00ec h\u1ea5p d\u1eabn? H\u00e3y c\u00f9ng t\u00ecm hi\u1ec3u chi ti\u1ebft ngay d\u01b0\u1edbi \u0111\u00e2y.<\/span><\/p>\n<h2><span class=\"ez-toc-section\" id=\"Cac_Chuong_Trinh_Khuyen_Mai_Vin88_Danh_Cho_Nguoi_Moi\"><\/span><span style=\"font-weight: 400;\">C\u00e1c Ch\u01b0\u01a1ng Tr\u00ecnh Khuy\u1ebfn M\u00e3i Vin88 D\u00e0nh Cho Ng\u01b0\u1eddi M\u1edbi<\/span><span class=\"ez-toc-section-end\"><\/span><\/h2>\n<h3><span class=\"ez-toc-section\" id=\"Thuong_dang_ky_tai_khoan_moi\"><\/span><span style=\"font-weight: 400;\">Th\u01b0\u1edfng \u0111\u0103ng k\u00fd t\u00e0i kho\u1ea3n m\u1edbi<\/span><span class=\"ez-toc-section-end\"><\/span><\/h3>\n<p><span style=\"font-weight: 400;\">Ngay khi t\u1ea1o t\u00e0i kho\u1ea3n t\u1ea1i Vin88, ng\u01b0\u1eddi ch\u01a1i s\u1ebd nh\u1eadn \u0111\u01b0\u1ee3c \u01b0u \u0111\u00e3i ch\u00e0o m\u1eebng h\u1ea5p d\u1eabn. \u0110\u00e2y l\u00e0 ch\u01b0\u01a1ng tr\u00ecnh d\u00e0nh ri\u00eang cho th\u00e0nh vi\u00ean m\u1edbi nh\u1eb1m gi\u00fap b\u1ea1n c\u00f3 th\u00eam v\u1ed1n tr\u1ea3i nghi\u1ec7m c\u00e1c tr\u00f2 ch\u01a1i.<\/span><\/p>\n<p><span style=\"font-weight: 400;\">Th\u00f4ng th\u01b0\u1eddng, Vin88 s\u1ebd t\u1eb7ng:<\/span><\/p>\n<ul>\n<li style=\"font-weight: 400;\" aria-level=\"1\"><span style=\"font-weight: 400;\">Th\u01b0\u1edfng ti\u1ec1n m\u1eb7t khi \u0111\u0103ng k\u00fd<\/span><\/li>\n<li style=\"font-weight: 400;\" aria-level=\"1\"><span style=\"font-weight: 400;\">Ho\u1eb7c t\u1eb7ng v\u00f2ng quay may m\u1eafn<\/span><\/li>\n<li style=\"font-weight: 400;\" aria-level=\"1\"><span style=\"font-weight: 400;\">Ho\u1eb7c c\u1ed9ng % v\u00e0o l\u1ea7n n\u1ea1p \u0111\u1ea7u ti\u00ean<\/span><\/li>\n<\/ul>\n<p><span style=\"font-weight: 400;\">Ch\u1ec9 c\u1ea7n ho\u00e0n t\u1ea5t \u0111\u0103ng k\u00fd v\u00e0 x\u00e1c minh th\u00f4ng tin l\u00e0 b\u1ea1n \u0111\u00e3 c\u00f3 th\u1ec3 nh\u1eadn th\u01b0\u1edfng ngay l\u1eadp t\u1ee9c.<\/span><\/p>\n<h3><span class=\"ez-toc-section\" id=\"Khuyen_mai_nap_tien_lan_dau\"><\/span><span style=\"font-weight: 400;\">Khuy\u1ebfn m\u00e3i n\u1ea1p ti\u1ec1n l\u1ea7n \u0111\u1ea7u<\/span><span class=\"ez-toc-section-end\"><\/span><\/h3>\n<p><span style=\"font-weight: 400;\">\u0110\u00e2y l\u00e0 ch\u01b0\u01a1ng tr\u00ecnh \u0111\u01b0\u1ee3c nhi\u1ec1u ng\u01b0\u1eddi quan t\u00e2m nh\u1ea5t. Khi n\u1ea1p ti\u1ec1n l\u1ea7n \u0111\u1ea7u, ng\u01b0\u1eddi ch\u01a1i s\u1ebd nh\u1eadn \u0111\u01b0\u1ee3c m\u1ee9c th\u01b0\u1edfng c\u1ef1c k\u1ef3 h\u1ea5p d\u1eabn, c\u00f3 th\u1ec3 l\u00ean \u0111\u1ebfn 100% gi\u00e1 tr\u1ecb n\u1ea1p.<\/span><\/p>\n<p><span style=\"font-weight: 400;\">V\u00ed d\u1ee5:<\/span><\/p>\n<ul>\n<li style=\"font-weight: 400;\" aria-level=\"1\"><span style=\"font-weight: 400;\">N\u1ea1p 1 tri\u1ec7u \u2192 nh\u1eadn th\u00eam 1 tri\u1ec7u ti\u1ec1n th\u01b0\u1edfng<\/span><\/li>\n<li style=\"font-weight: 400;\" aria-level=\"1\"><span style=\"font-weight: 400;\">T\u1ed5ng s\u1ed1 d\u01b0: 2 tri\u1ec7u \u0111\u1ec3 tr\u1ea3i nghi\u1ec7m<\/span><\/li>\n<\/ul>\n<p><span style=\"font-weight: 400;\">\u01afu \u0111i\u1ec3m c\u1ee7a ch\u01b0\u01a1ng tr\u00ecnh:<\/span><\/p>\n<ul>\n<li style=\"font-weight: 400;\" aria-level=\"1\"><span style=\"font-weight: 400;\">T\u0103ng g\u1ea5p \u0111\u00f4i s\u1ed1 v\u1ed1n ban \u0111\u1ea7u<\/span><\/li>\n<li style=\"font-weight: 400;\" aria-level=\"1\"><span style=\"font-weight: 400;\">\u00c1p d\u1ee5ng cho nhi\u1ec1u tr\u00f2 ch\u01a1i<\/span><\/li>\n<li style=\"font-weight: 400;\" aria-level=\"1\"><span style=\"font-weight: 400;\">\u0110i\u1ec1u ki\u1ec7n tham gia \u0111\u01a1n gi\u1ea3n<\/span><\/li>\n<\/ul>\n<h2><span class=\"ez-toc-section\" id=\"Uu_Dai_Danh_Cho_Hoi_Vien_Thuong_Xuyen\"><\/span><span style=\"font-weight: 400;\">\u01afu \u0110\u00e3i D\u00e0nh Cho H\u1ed9i Vi\u00ean Th\u01b0\u1eddng Xuy\u00ean<\/span><span class=\"ez-toc-section-end\"><\/span><\/h2>\n<p><span style=\"font-weight: 400;\">Kh\u00f4ng ch\u1ec9 t\u1eadp trung v\u00e0o ng\u01b0\u1eddi ch\u01a1i m\u1edbi, Vin88 c\u00f2n c\u00f3 nhi\u1ec1u ch\u01b0\u01a1ng tr\u00ecnh d\u00e0nh cho h\u1ed9i vi\u00ean l\u00e2u n\u0103m nh\u1eb1m gi\u1eef ch\u00e2n v\u00e0 tri \u00e2n kh\u00e1ch h\u00e0ng.<\/span><\/p>\n<h3><span class=\"ez-toc-section\" id=\"Hoan_tra_cuoc_hang_ngay\"><\/span><span style=\"font-weight: 400;\">Ho\u00e0n tr\u1ea3 c\u01b0\u1ee3c h\u00e0ng ng\u00e0y<\/span><span class=\"ez-toc-section-end\"><\/span><\/h3>\n<p><span style=\"font-weight: 400;\">M\u1ed9t trong nh\u1eefng khuy\u1ebfn m\u00e3i h\u1ea5p d\u1eabn nh\u1ea5t t\u1ea1i Vin88 ch\u00ednh l\u00e0 ho\u00e0n tr\u1ea3 c\u01b0\u1ee3c. D\u00f9 b\u1ea1n th\u1eafng hay thua, h\u1ec7 th\u1ed1ng v\u1eabn ho\u00e0n l\u1ea1i m\u1ed9t ph\u1ea7n ti\u1ec1n c\u01b0\u1ee3c.<\/span><\/p>\n<p><span style=\"font-weight: 400;\">T\u1ef7 l\u1ec7 ho\u00e0n tr\u1ea3:<\/span><\/p>\n<ul>\n<li style=\"font-weight: 400;\" aria-level=\"1\"><span style=\"font-weight: 400;\">Th\u1ec3 thao: 0.5% \u2013 1%<\/span><\/li>\n<li style=\"font-weight: 400;\" aria-level=\"1\"><span style=\"font-weight: 400;\">Casino: 1% \u2013 1.5%<\/span><\/li>\n<li style=\"font-weight: 400;\" aria-level=\"1\"><span style=\"font-weight: 400;\">Slot game: l\u00ean \u0111\u1ebfn 2%<\/span><\/li>\n<\/ul>\n<p><span style=\"font-weight: 400;\">\u01afu \u0111i\u1ec3m:<\/span><\/p>\n<ul>\n<li style=\"font-weight: 400;\" aria-level=\"1\"><span style=\"font-weight: 400;\">Gi\u1ea3m r\u1ee7i ro khi ch\u01a1i<\/span><\/li>\n<li style=\"font-weight: 400;\" aria-level=\"1\"><span style=\"font-weight: 400;\">Nh\u1eadn ti\u1ec1n \u0111\u1ec1u \u0111\u1eb7n m\u1ed7i ng\u00e0y<\/span><\/li>\n<li style=\"font-weight: 400;\" aria-level=\"1\"><span style=\"font-weight: 400;\">Kh\u00f4ng y\u00eau c\u1ea7u \u0111i\u1ec1u ki\u1ec7n qu\u00e1 ph\u1ee9c t\u1ea1p<\/span><\/li>\n<\/ul>\n<h3><span class=\"ez-toc-section\" id=\"Thuong_nap_lai_hang_ngay\"><\/span><span style=\"font-weight: 400;\">Th\u01b0\u1edfng n\u1ea1p l\u1ea1i h\u00e0ng ng\u00e0y<\/span><span class=\"ez-toc-section-end\"><\/span><\/h3>\n<p><span style=\"font-weight: 400;\">Vin88 th\u01b0\u1eddng xuy\u00ean tri\u1ec3n khai ch\u01b0\u01a1ng tr\u00ecnh th\u01b0\u1edfng n\u1ea1p l\u1ea1i nh\u1eb1m t\u0103ng tr\u1ea3i nghi\u1ec7m cho ng\u01b0\u1eddi ch\u01a1i.<\/span><\/p>\n<p><span style=\"font-weight: 400;\">Khi b\u1ea1n n\u1ea1p ti\u1ec1n c\u00e1c l\u1ea7n ti\u1ebfp theo:<\/span><\/p>\n<ul>\n<li style=\"font-weight: 400;\" aria-level=\"1\"><span style=\"font-weight: 400;\">Nh\u1eadn th\u00eam % ti\u1ec1n th\u01b0\u1edfng<\/span><\/li>\n<li style=\"font-weight: 400;\" aria-level=\"1\"><span style=\"font-weight: 400;\">\u00c1p d\u1ee5ng theo t\u1eebng ng\u00e0y ho\u1eb7c s\u1ef1 ki\u1ec7n<\/span><\/li>\n<\/ul>\n<p><span style=\"font-weight: 400;\">\u0110i\u1ec1u n\u00e0y gi\u00fap ng\u01b0\u1eddi ch\u01a1i lu\u00f4n c\u00f3 th\u00eam ngu\u1ed3n v\u1ed1n \u0111\u1ec3 ti\u1ebfp t\u1ee5c gi\u1ea3i tr\u00ed.<\/span><\/p>\n<h2><span class=\"ez-toc-section\" id=\"Khuyen_Mai_Theo_Su_Kien_Tai_Vin88\"><\/span><span style=\"font-weight: 400;\">Khuy\u1ebfn M\u00e3i Theo S\u1ef1 Ki\u1ec7n T\u1ea1i Vin88<\/span><span class=\"ez-toc-section-end\"><\/span><\/h2>\n<h3><span class=\"ez-toc-section\" id=\"Su_kien_the_thao_lon\"><\/span><span style=\"font-weight: 400;\">S\u1ef1 ki\u1ec7n th\u1ec3 thao l\u1edbn<\/span><span class=\"ez-toc-section-end\"><\/span><\/h3>\n<p><span style=\"font-weight: 400;\">Trong c\u00e1c d\u1ecbp nh\u01b0:<\/span><\/p>\n<ul>\n<li style=\"font-weight: 400;\" aria-level=\"1\"><span style=\"font-weight: 400;\">World Cup<\/span><\/li>\n<li style=\"font-weight: 400;\" aria-level=\"1\"><span style=\"font-weight: 400;\">Euro<\/span><\/li>\n<li style=\"font-weight: 400;\" aria-level=\"1\"><span style=\"font-weight: 400;\">Ngo\u1ea1i h\u1ea1ng Anh<\/span><\/li>\n<\/ul>\n<p><span style=\"font-weight: 400;\">Vin88 th\u01b0\u1eddng tung ra c\u00e1c ch\u01b0\u01a1ng tr\u00ecnh:<\/span><\/p>\n<ul>\n<li style=\"font-weight: 400;\" aria-level=\"1\"><span style=\"font-weight: 400;\">C\u01b0\u1ee3c mi\u1ec5n ph\u00ed<\/span><\/li>\n<li style=\"font-weight: 400;\" aria-level=\"1\"><span style=\"font-weight: 400;\">Th\u01b0\u1edfng d\u1ef1 \u0111o\u00e1n<\/span><\/li>\n<li style=\"font-weight: 400;\" aria-level=\"1\"><span style=\"font-weight: 400;\">T\u0103ng t\u1ef7 l\u1ec7 th\u01b0\u1edfng<\/span><\/li>\n<\/ul>\n<p><span style=\"font-weight: 400;\">\u0110\u00e2y l\u00e0 c\u01a1 h\u1ed9i c\u1ef1c t\u1ed1t \u0111\u1ec3 ng\u01b0\u1eddi ch\u01a1i v\u1eeba theo d\u00f5i b\u00f3ng \u0111\u00e1 v\u1eeba nh\u1eadn th\u01b0\u1edfng.<\/span><\/p>\n<h3><span class=\"ez-toc-section\" id=\"Uu_dai_le_Tet\"><\/span><span style=\"font-weight: 400;\">\u01afu \u0111\u00e3i l\u1ec5, T\u1ebft<\/span><span class=\"ez-toc-section-end\"><\/span><\/h3>\n<p><span style=\"font-weight: 400;\">V\u00e0o c\u00e1c d\u1ecbp \u0111\u1eb7c bi\u1ec7t nh\u01b0:<\/span><\/p>\n<ul>\n<li style=\"font-weight: 400;\" aria-level=\"1\"><span style=\"font-weight: 400;\">T\u1ebft Nguy\u00ean \u0110\u00e1n<\/span><\/li>\n<li style=\"font-weight: 400;\" aria-level=\"1\"><span style=\"font-weight: 400;\">Noel<\/span><\/li>\n<li style=\"font-weight: 400;\" aria-level=\"1\"><span style=\"font-weight: 400;\">Sinh nh\u1eadt nh\u00e0 c\u00e1i<\/span><\/li>\n<\/ul>\n<p><span style=\"font-weight: 400;\">Vin88 s\u1ebd tri\u1ec3n khai:<\/span><\/p>\n<ul>\n<li style=\"font-weight: 400;\" aria-level=\"1\"><span style=\"font-weight: 400;\">L\u00ec x\u00ec ti\u1ec1n m\u1eb7t<\/span><\/li>\n<li style=\"font-weight: 400;\" aria-level=\"1\"><span style=\"font-weight: 400;\">Quay th\u01b0\u1edfng tr\u00fang l\u1edbn<\/span><\/li>\n<li style=\"font-weight: 400;\" aria-level=\"1\"><span style=\"font-weight: 400;\">Giftcode gi\u00e1 tr\u1ecb cao<\/span><\/li>\n<\/ul>\n<p><span style=\"font-weight: 400;\">Nh\u1eefng ch\u01b0\u01a1ng tr\u00ecnh n\u00e0y th\u01b0\u1eddng c\u00f3 gi\u00e1 tr\u1ecb th\u01b0\u1edfng r\u1ea5t l\u1edbn v\u00e0 s\u1ed1 l\u01b0\u1ee3ng ng\u01b0\u1eddi tham gia \u0111\u00f4ng \u0111\u1ea3o.<\/span><\/p>\n<h2><span class=\"ez-toc-section\" id=\"Loi_Ich_Khi_Tham_Gia_Khuyen_Mai_Vin88\"><\/span><span style=\"font-weight: 400;\">L\u1ee3i \u00cdch Khi Tham Gia Khuy\u1ebfn M\u00e3i Vin88<\/span><span class=\"ez-toc-section-end\"><\/span><\/h2>\n<h3><span class=\"ez-toc-section\" id=\"Gia_tang_von_choi\"><\/span><span style=\"font-weight: 400;\">Gia t\u0103ng v\u1ed1n ch\u01a1i<\/span><span class=\"ez-toc-section-end\"><\/span><\/h3>\n<p><span style=\"font-weight: 400;\">Nh\u1edd c\u00e1c ch\u01b0\u01a1ng tr\u00ecnh th\u01b0\u1edfng, ng\u01b0\u1eddi ch\u01a1i c\u00f3 th\u1ec3:<\/span><\/p>\n<ul>\n<li style=\"font-weight: 400;\" aria-level=\"1\"><span style=\"font-weight: 400;\">T\u0103ng s\u1ed1 ti\u1ec1n ban \u0111\u1ea7u<\/span><\/li>\n<li style=\"font-weight: 400;\" aria-level=\"1\"><span style=\"font-weight: 400;\">C\u00f3 th\u00eam c\u01a1 h\u1ed9i th\u1eed nhi\u1ec1u tr\u00f2 ch\u01a1i<\/span><\/li>\n<\/ul>\n<h3><span class=\"ez-toc-section\" id=\"Giam_thieu_rui_ro\"><\/span><span style=\"font-weight: 400;\">Gi\u1ea3m thi\u1ec3u r\u1ee7i ro<\/span><span class=\"ez-toc-section-end\"><\/span><\/h3>\n<p><span style=\"font-weight: 400;\">V\u1edbi ho\u00e0n tr\u1ea3 c\u01b0\u1ee3c v\u00e0 th\u01b0\u1edfng n\u1ea1p:<\/span><\/p>\n<ul>\n<li style=\"font-weight: 400;\" aria-level=\"1\"><span style=\"font-weight: 400;\">B\u1ea1n kh\u00f4ng lo m\u1ea5t to\u00e0n b\u1ed9 s\u1ed1 v\u1ed1n<\/span><\/li>\n<li style=\"font-weight: 400;\" aria-level=\"1\"><span style=\"font-weight: 400;\">Lu\u00f4n c\u00f3 c\u01a1 h\u1ed9i quay l\u1ea1i<\/span><\/li>\n<\/ul>\n<h3><span class=\"ez-toc-section\" id=\"Trai_nghiem_da_dang_tro_choi\"><\/span><span style=\"font-weight: 400;\">Tr\u1ea3i nghi\u1ec7m \u0111a d\u1ea1ng tr\u00f2 ch\u01a1i<\/span><span class=\"ez-toc-section-end\"><\/span><\/h3>\n<p><span style=\"font-weight: 400;\">Khuy\u1ebfn m\u00e3i gi\u00fap b\u1ea1n:<\/span><\/p>\n<ul>\n<li style=\"font-weight: 400;\" aria-level=\"1\"><span style=\"font-weight: 400;\">Th\u1eed nhi\u1ec1u th\u1ec3 lo\u1ea1i game<\/span><\/li>\n<li style=\"font-weight: 400;\" aria-level=\"1\"><span style=\"font-weight: 400;\">T\u00ecm ra tr\u00f2 ch\u01a1i ph\u00f9 h\u1ee3p nh\u1ea5t<\/span><\/li>\n<\/ul>\n<h2><span class=\"ez-toc-section\" id=\"Mot_So_Luu_Y_Khi_Nhan_Khuyen_Mai\"><\/span><span style=\"font-weight: 400;\">M\u1ed9t S\u1ed1 L\u01b0u \u00dd Khi Nh\u1eadn Khuy\u1ebfn M\u00e3i<\/span><span class=\"ez-toc-section-end\"><\/span><\/h2>\n<p><span style=\"font-weight: 400;\">\u0110\u1ec3 t\u1eadn d\u1ee5ng t\u1ed1i \u0111a \u01b0u \u0111\u00e3i t\u1ea1i Vin88, b\u1ea1n c\u1ea7n l\u01b0u \u00fd:<\/span><\/p>\n<h3><span class=\"ez-toc-section\" id=\"Doc_ky_dieu_khoan\"><\/span><span style=\"font-weight: 400;\">\u0110\u1ecdc k\u1ef9 \u0111i\u1ec1u kho\u1ea3n<\/span><span class=\"ez-toc-section-end\"><\/span><\/h3>\n<p><span style=\"font-weight: 400;\">M\u1ed7i ch\u01b0\u01a1ng tr\u00ecnh \u0111\u1ec1u c\u00f3:<\/span><\/p>\n<ul>\n<li style=\"font-weight: 400;\" aria-level=\"1\"><span style=\"font-weight: 400;\">Y\u00eau c\u1ea7u v\u00f2ng c\u01b0\u1ee3c<\/span><\/li>\n<li style=\"font-weight: 400;\" aria-level=\"1\"><span style=\"font-weight: 400;\">Th\u1eddi gian \u00e1p d\u1ee5ng<\/span><\/li>\n<li style=\"font-weight: 400;\" aria-level=\"1\"><span style=\"font-weight: 400;\">Gi\u1edbi h\u1ea1n r\u00fat ti\u1ec1n<\/span><\/li>\n<\/ul>\n<h3><span class=\"ez-toc-section\" id=\"Quan_ly_von_hop_ly\"><\/span><span style=\"font-weight: 400;\">Qu\u1ea3n l\u00fd v\u1ed1n h\u1ee3p l\u00fd<\/span><span class=\"ez-toc-section-end\"><\/span><\/h3>\n<p><span style=\"font-weight: 400;\">Kh\u00f4ng n\u00ean:<\/span><\/p>\n<ul>\n<li style=\"font-weight: 400;\" aria-level=\"1\"><span style=\"font-weight: 400;\">N\u1ea1p qu\u00e1 nhi\u1ec1u ti\u1ec1n<\/span><\/li>\n<li style=\"font-weight: 400;\" aria-level=\"1\"><span style=\"font-weight: 400;\">Ch\u01a1i v\u01b0\u1ee3t kh\u1ea3 n\u0103ng<\/span><\/li>\n<\/ul>\n<p><span style=\"font-weight: 400;\">H\u00e3y s\u1eed d\u1ee5ng khuy\u1ebfn m\u00e3i nh\u01b0 m\u1ed9t c\u00f4ng c\u1ee5 h\u1ed7 tr\u1ee3, kh\u00f4ng ph\u1ea3i ngu\u1ed3n thu ch\u00ednh.<\/span><\/p>\n<h3><span class=\"ez-toc-section\" id=\"Lua_chon_tro_choi_phu_hop\"><\/span><span style=\"font-weight: 400;\">L\u1ef1a ch\u1ecdn tr\u00f2 ch\u01a1i ph\u00f9 h\u1ee3p<\/span><span class=\"ez-toc-section-end\"><\/span><\/h3>\n<p><span style=\"font-weight: 400;\">M\u1ed9t s\u1ed1 game c\u00f3 \u0111i\u1ec1u ki\u1ec7n c\u01b0\u1ee3c d\u1ec5 ho\u00e0n th\u00e0nh h\u01a1n nh\u01b0:<\/span><\/p>\n<ul>\n<li style=\"font-weight: 400;\" aria-level=\"1\"><span style=\"font-weight: 400;\">Slot game<\/span><\/li>\n<li style=\"font-weight: 400;\" aria-level=\"1\"><span style=\"font-weight: 400;\">Casino live<\/span><\/li>\n<\/ul>\n<p><span style=\"font-weight: 400;\">H\u00e3y l\u1ef1a ch\u1ecdn th\u00f4ng minh \u0111\u1ec3 t\u1ed1i \u01b0u l\u1ee3i nhu\u1eadn.<\/span><\/p>\n<h2><span class=\"ez-toc-section\" id=\"Ket_Luan\"><\/span><span style=\"font-weight: 400;\">K\u1ebft Lu\u1eadn<\/span><span class=\"ez-toc-section-end\"><\/span><\/h2>\n<p><span style=\"font-weight: 400;\">Khuy\u1ebfn m\u00e3i t\u1ea1i Vin88 th\u1ef1c s\u1ef1 l\u00e0 \u0111i\u1ec3m m\u1ea1nh n\u1ed5i b\u1eadt gi\u00fap n\u1ec1n t\u1ea3ng n\u00e0y thu h\u00fat \u0111\u00f4ng \u0111\u1ea3o ng\u01b0\u1eddi ch\u01a1i. V\u1edbi h\u00e0ng lo\u1ea1t \u01b0u \u0111\u00e3i t\u1eeb \u0111\u0103ng k\u00fd, n\u1ea1p ti\u1ec1n \u0111\u1ebfn ho\u00e0n tr\u1ea3 v\u00e0 s\u1ef1 ki\u1ec7n, Vin88 mang \u0111\u1ebfn c\u01a1 h\u1ed9i tr\u1ea3i nghi\u1ec7m h\u1ea5p d\u1eabn v\u00e0 gia t\u0103ng l\u1ee3i nhu\u1eadn \u0111\u00e1ng k\u1ec3.<\/span><\/p>\n<p><span style=\"font-weight: 400;\">N\u1ebfu b\u1ea1n \u0111ang t\u00ecm ki\u1ebfm m\u1ed9t s\u00e2n ch\u01a1i uy t\u00edn v\u1edbi nhi\u1ec1u \u01b0u \u0111\u00e3i, Vin88 ch\u1eafc ch\u1eafn l\u00e0 l\u1ef1a ch\u1ecdn kh\u00f4ng n\u00ean b\u1ecf qua. \u0110\u1eebng qu\u00ean theo d\u00f5i c\u00e1c ch\u01b0\u01a1ng tr\u00ecnh khuy\u1ebfn m\u00e3i m\u1edbi nh\u1ea5t \u0111\u1ec3 kh\u00f4ng b\u1ecf l\u1ee1 c\u01a1 h\u1ed9i nh\u1eadn th\u01b0\u1edfng gi\u00e1 tr\u1ecb m\u1ed7i ng\u00e0y.<\/span><\/p>\n","protected":false},"excerpt":{"rendered":"<p>Khuy\u1ebfn M\u00e3i Vin88 M\u1edbi Nh\u1ea5t \u2013 C\u01a1 H\u1ed9i Nh\u1eadn Th\u01b0\u1edfng H\u1ea5p D\u1eabn M\u1ed7i Ng\u00e0y Khuy\u1ebfn m\u00e3i Vin88 Trong th\u1ecb tr\u01b0\u1eddng c\u00e1 c\u01b0\u1ee3c tr\u1ef1c tuy\u1ebfn ng\u00e0y c\u00e0ng ph\u00e1t tri\u1ec3n, c\u00e1c ch\u01b0\u01a1ng tr\u00ecnh \u01b0u \u0111\u00e3i lu\u00f4n l\u00e0 y\u1ebfu t\u1ed1 quan tr\u1ecdng thu h\u00fat ng\u01b0\u1eddi ch\u01a1i. Vin88 n\u1ed5i b\u1eadt l\u00e0 m\u1ed9t trong nh\u1eefng n\u1ec1n t\u1ea3ng mang \u0111\u1ebfn h\u1ec7 [&#8230;]\n","protected":false},"author":1,"featured_media":0,"parent":0,"menu_order":0,"comment_status":"closed","ping_status":"closed","template":"","meta":{"footnotes":""},"class_list":["post-303","page","type-page","status-publish","hentry"],"_links":{"self":[{"href":"https:\/\/vin8882.com\/wp-json\/wp\/v2\/pages\/303","targetHints":{"allow":["GET"]}}],"collection":[{"href":"https:\/\/vin8882.com\/wp-json\/wp\/v2\/pages"}],"about":[{"href":"https:\/\/vin8882.com\/wp-json\/wp\/v2\/types\/page"}],"author":[{"embeddable":true,"href":"https:\/\/vin8882.com\/wp-json\/wp\/v2\/users\/1"}],"replies":[{"embeddable":true,"href":"https:\/\/vin8882.com\/wp-json\/wp\/v2\/comments?post=303"}],"version-history":[{"count":4,"href":"https:\/\/vin8882.com\/wp-json\/wp\/v2\/pages\/303\/revisions"}],"predecessor-version":[{"id":320,"href":"https:\/\/vin8882.com\/wp-json\/wp\/v2\/pages\/303\/revisions\/320"}],"wp:attachment":[{"href":"https:\/\/vin8882.com\/wp-json\/wp\/v2\/media?parent=303"}],"curies":[{"name":"wp","href":"https:\/\/api.w.org\/{rel}","templated":true}]}}